What is (2 - 4 - 1) + 5 + (25 - 18)?
9
Calculate 4 + -1 + (-5 - (14 + -18)) - 13.
-11
Calculate -2 - (-13 - (-36 + 11 + 15)).
1
Calculate -3 + 9 + -4 - ((18 - 5) + 0).
-11
Calculate -17 + 2 + 13 + 8.
6
(13 - 9 - 18) + 4
-10
What is 0 + -1 + -7 + (-8 - 7) + 11?
-12
What is 2 + -14 + 17 - (4 + 29)?
-28
7 - 1 - (4 + -2 - 0 - 0)
4
What is 13 - ((-3 - -8) + 2)?
6
18 + -33 + (4 - (-8 - -2))
-5
-11 + (1 - 11) + 1 - -10
-10
4 + 0 + 62 + -53 - (1 + 1)
11
What is the value of 15 - ((-6 - 1) + 7 + -2 + 3)?
14
2 - (-4 - -12 - (5 + -5) - 6)
0
What is 0 + (-11 - 0) + 3 - -9?
1
9 - (0 + 3 - -15) - (-11 + 1)
1
Calculate 14 + -17 + 5 - ((1 - -1) + 15).
-15
What is the value of 1 - -32 - (-582 + 603)?
12
What is -40 - (27 + (2 - 93))?
24
Calculate (1 + 1 - (16 + -18)) + -8 - 7.
-11
What is 43 + -3 - 57 - ((3 - 1) + 4)?
-23
Calculate 41 - 23 - 36 - -20.
2
What is the value of 6 + -19 + (-16 - -39)?
10
What is the value of 0 - -5 - 1 - (-29 - -24)?
9
What is 3 - (-1 - (-7 + 4) - -4)?
-3
Evaluate 15 + -19 + 8 + 5.
9
What is (0 - -1) + (-2 - -7) - (38 + -37)?
5
What is the value of -6 + 2 + -2 - (7 + -6)?
-7
-7 + -8 + (-10 - -23) + 1 + 10
9
Calculate -37 - (-45 - (-20 + -3)).
-15
-9 - (-46 - (-2 + 8 + (8 - 21)))
30
What is the value of 13 + -23 - (7 + -5 + 6)?
-18
Evaluate (25 - 21) + 0 + (-1 - (1 + -4)).
6
Calculate -1 + 12 - (-97 + 105).
3
Calculate -32 + (-16 - (9 - 43)).
-14
-16 + -1 - (1781 - 1769)
-29
Calculate -2 - 0 - -6 - (-20 + (57 - 20)).
-13
What is the value of -12 + (-7 - (-15 + -6))?
2
What is the value of 6 + 30 + -70 + 64?
30
What is 0 + (-1 - -2 - -8 - 3) + 6?
12
What is the value of -4 - (96 - 102 - (0 - -2))?
4
Calculate 8 + -1 + -11 + -1 + -5.
-10
-11 + 0 + (6 - (5 - (3 + -4)))
-11
What is the value of -65 + 66 - (1 - 23)?
23
What is the value of 1 + 4 + -3 + 115 + -82?
35
Calculate (-3 + 13 - 11) + -21 + (-15 - -6).
-31
16 - ((2 + -1 - 1) + -22 + 25)
13
6 + (-5 - -1) + (-11 - -12 - -13)
16
What is the value of -1 + (0 + -8 - (5 + -12 + 2))?
-4
Evaluate 4 + -1 + -14 + 16 + -8 + -18.
-21
What is -1 - -2 - (-37 - -46) - -20?
12
0 + -5 + -2 - (48 + -20 + -65)
30
Evaluate -5 + 0 + (-235 - -217).
-23
Calculate -12 + (-8 - (2 - 2) - -17).
-3
What is the value of (0 - 10) + (-21 - -12) + 19?
0
Evaluate 2 - (-7 - -10 - 3) - 8 - -6.
0
Calculate 10 - (8 - ((-11 - -15) + 1)).
7
What is the value of -11 + 44 - (-9 + 15 + 8)?
19
4 - ((0 - (-5 - (4 - 2))) + -5)
2
What is the value of 0 - 0 - (2 - (-12 + 7))?
-7
7 - (4 + (-10 - -5) + 0)
8
What is 6 - ((11 - 9) + -1 - -3)?
2
Evaluate 19 - ((-5 - -10) + 3).
11
8 + (6 - (0 - -30)) + 8
-8
6 + -21 + 1 + 0 + 7
-7
Evaluate 7 + 2 + -2 - (3 - 15).
19
15 + (-4 - (16 + (-15 - 1)))
11
Evaluate -32 - (-30 + -1) - -24.
23
What is 4 + 0 + -2 + -2 + (-1 - -5)?
4
What is (3 - 15) + 15 + 5?
8
Calculate (10 - 25) + (15 - 4 - 12).
-16
What is (-14 - (5 + 2)) + 1?
-20
What is the value of -10 + -1 + (-45 - -61)?
5
What is the value of 6 - (7 + -9 - 4 - (0 - 13))?
-1
Calculate (31 - 41) + 2 + 6 - 0.
-2
What is (36 - 27) + -38 + 10?
-19
Calculate -10 + 1 - 0 - -43 - (16 - 19).
37
What is the value of (8 + 3 - 6) + -8 + (6 - -17)?
20
-15 - ((4 - 8) + -7 - -3)
-7
What is (-14 - (-15 - 10)) + -5?
6
(35 + -8 - 19) + -1
7
Evaluate 3 + -12 - (279 - 300).
12
(-1 + -6 - (4 + -6)) + -2
-7
What is the value of -14 - 33 - (0 - 21)?
-26
Evaluate -22 - (-14 + 22 - 18).
-12
What is the value of -8 + 8 - 2 - 5 - 0?
-7
Calculate 8 + (3 - 2 - 18).
-9
-2 - (-26 + 8 + 5)
11
Evaluate 2 + -12 - (-142 + 131).
1
-9 - 1 - 1 - (10 + -12)
-9
(0 - 5) + 42 + 21 + -69
-11
Calculate -8 - (6 - ((-3 - -2) + -3 - -11)).
-7
Calculate 6 + 0 + -16 + (20 - 12) + -9.
-11
Evaluate (-4 + 5 + (-6 - -4) - 13) + 6.
-8
Evaluate -1 - (-20 - (-4 + 7 + -9)).
13
What is the value of 54 - 43 - (6 - 0 - 11)?
16
What is 3 - (14 + 3 + -27)?
13
Evaluate 9 + 2 + 247 + -273.
-15
-1 + (0 - 4) + -136 + 133
-8
What is the value of 7 - ((-2 - -5) + 12 + -7 + -5)?
4
Evaluate 1 + (-12 - (-5 - 1) - -13 - 5).
3
What is (-1 - -10 - -8) + -7 + -2 + -9?
-1
Calculate 1 + 1 + (12 - 21) + 18 + 5.
16
What is 1 - -17 - (-355 - -362)?
11
Calculate (-100 - -110) + (0 - ((-4 - -4) + 2)).
8
What is the value of (-1 - 4) + (2 - -5 - 11 - -10)?
1
What is 3 - (14 + (-10 - 6)) - (1 + -5)?
9
What is the value of 8 - 6 - (-8 - -7) - (17 - 0)?
-14
Calculate 11 - 9 - ((-3 - -1) + (-2 - -2)).
4
3 + -12 - (-51 + 58) - -6
-10
Calculate -69 + (71 - -7) + (0 + 1 - 10).
0
What is (-5 - (14 + -33)) + -4 + -8?
2
(-2 - 1) + 1517 + -1516
-2
(9 - (6 - (18 - (3 - -1)))) + 10
27
What is 3 + (-9 - (-7 - -3)) - -1?
-1
14 + -2 + -90 + 86
8
-2 + 4 + -2 + 2 + -8 + 11
5
Evaluate -2 + 1 - (-53 - -43) - 36.
-27
Calculate 0 - -20 - ((2 - -2) + 4 + 1).
11
Calculate 25 + (-38 - -17) + (-1 - 13).
-10
What is the value of (71 - 118) + (-3 - -28)?
-22
Evaluate (30 - (-10 + 54)) + 32.
18
4 + 1 - (-6 + -2 + -7 + 3)
17
Calculate (-2 - 4 - -17) + -18 + 10 + -6.
-3
Calculate -60 + 49 - (-20 - (-2 + 2)).
9
Calculate 1 + -16 + -2 - -14.
-3
Calculate -10 + -1 + 7 + -19 + 24.
1
What is 1 - -1 - (0 - 1 - (-22 + 8))?
-11
Evaluate (1 - 3) + 20 + -37 + (17 - 1).
-3
-25 + (63 - 28) + -12
-2
What is -17 + 0 + 8 + 10?
1
What is the value of 4 + -32 + -106 + 117?
-17
What is -15 + -2 + 5 + 0 - -10?
-2
Evaluate 8 - 12 - (-5 + -1) - (1 - -3).
-2
Evaluate 9 + -5 + (-22 - -12).
-6
Calculate 26 + (-32 - -14) + -1 - -18.
25
What is (-42 + 12 - (9 + 8)) + (1 - -10)?
-36
Evaluate 26 + -1 - (105 + -94).
14
What is the value of -17 - (10 + -4 - 15) - -13?
5
38 - (94 - 50) - (-6 + 1 - 1)
0
Calculate 3 + (-60 - -67) - (17 - 0).
-7
Calculate (14 - (-6 - -6)) + -4 + -2 + -39.
-31
(358 - 363) + -1 + -1 + 3 + 2
-2
-24 - (5 + -3 + -40 + 25 - -6)
-17
Calculate 1 - -5 - (-3 + -7 + 8).
8
What is the value of 31 - (30 + -28 + 18)?
11
Calculate 8 + -1 + 178 + -184.
1
Evaluate -9 + 1 + 5 + 8 + -6 + 2.
1
Evaluate -2 - (5 + -2 + 1 + 0 - 3).
-3
-17 - (1 - (7 - -9))
-2
Evaluate (8 + -2 + -10 - 0) + (1 - 0).
-3
What is -5 - (-5 + 8) - (-1 + -8)?
1
Evaluate -13 + 19 - 10 - (1 + -1).
-4
Evaluate (11 - (5 + -3)) + (31 - 42) + -6.
-8
What is the value of -18 - 0 - (-13 + -1)?
-4
-9 + 17 + 15 - 17
6
What is 14 + -7 + -30 + 0 + 7?
-16
What is the value of (0 - 11) + -48 + 47?
-12
What is -151 - -163 - (-11 + (-6 - -2) + 7)?
20
What is the value of -5 - (9 + (-18 - (-9 + -1)))?
-6
What is -14 - -10 - -3 - (-29 - -8)?
20
Calculate -27 + 27 - (0 + 0).
0
Evaluate -9 + 40 + -12 + -30.
-11
Calculate -8 - (2 + 1 + 97 + -89) - 0.
-19
Calculate -8 + (5 + -3 + -29 - -15).
-20
What is the value of 1 + -8 + (28 - -10 - 32)?
-1
What is -4 + (-8 + 21 + 4 - 9)?
4
-6 + 10 + -11 + 18 + -10
1
-4 + 10 + (27 - 25)
8
33 + -28 + (-5 - -12)
12
What is 31 + 6 + -2 - 16?
19
Calculate -9 + (0 - 0) + 10 - (-2 + 1).
2
What is (45 - 0) + -14 + -8?
23
What is 8 + -12 + (-40 - -28)?
-16
55 + -54 - (13 + -2)
-10
Calculate -16 + 25 + -6 - (-8 + (2 - 1)).
10
Calculate 18 - (-18 + 35) - (-3 - (2 - -1)).
7
Evaluate (11 - (-1 - (11 - 7) - -8)) + -29.
-21
What is the value of -4 + -28 + 8 + 13?
-11
What is -6 + -3 + -4 + 18 - (5 + -4)?
4
What is 3 - -26 - -2 - (197 + -197)?
31
What is 5 - -22 - (-4 + 24)?
7
Calculate -11 - ((11 - 31) + 29 + -17).
-3
-4 + -46 + 46 + 5 + 0 + 1
2
Calculate 0 + -13 + 10 + -3 + 6 + 6.
6
What is the value of 7 + (-2 - -12) + 0 + -11?
6
What is (148 - 119) + (-30 - 0)?
-1
-1 - (32 - (0 - 2 - (-16 + 3)))
-22
Calculate (-51 + 7 - -12) + 21.
-11
What is the value of 8 + -5 + 2 + -8 + (-17 - 1)?
-21
Evaluate 23 + (1 - (8 - 4)) + -68 + 76.
28
What is (-7 + 7 + 4 + -6 - 3) + -7?
-12
-1 + 7 - (-2 - 2) - (-23 + 28)
5
What is the value of -11 + 1 - (16 - 1 - (439 - 412))?
2
What is (101 - 88) + -16 + 3?
0
Evaluate -601 - -587 - (-2 + 1).
-13
Evaluate 3 - ((5 - 0 - 2) + -14).
14
What is -8 - 0 - (-169 + 167)?
-6
What is the value of -78 - -88 - (12 + 0)?
-2
Evaluate -4 + 12 + -15 - (-7 + (3 - 3)).
0
Evaluate (-5 - (-8 + 0)) + -27 + -7 - -5.
-26
What is the value of 11 + (21 - 40) + 2 + 5?
-1
11 + 1 + 173 + -182
3
-6 + 3 + -4 + 3 + (4 - 8)
-8
What is -17 - ((-14 - (13 - 13)) + -25)?
22
Calculate -14 - (6 + (-34 - 7)).
21
Evaluate -3 + 6 + (-8 - -7) + 2.
4
3 + -13 + (-5 - 2 - (-10 + 1))
-8
(8 - 3 - 24) + 6 + 2
-11
(-4 - -16) + (2 - (4 + 17))
-7
3 - (4 - 2 - -13) - (-19 + 14)
-7
Calculate 3 + -33 + -10 + 11 